{"id":71,"date":"2017-04-03T11:54:31","date_gmt":"2017-04-03T09:54:31","guid":{"rendered":"http:\/\/www.toilettenverleih.com\/?page_id=71"},"modified":"2017-04-03T11:54:31","modified_gmt":"2017-04-03T09:54:31","slug":"toilettenkabinen-baustelle-2","status":"publish","type":"page","link":"https:\/\/www.toilettenverleih.com\/?page_id=71","title":{"rendered":"Toilettenwagen Veranstaltungen"},"content":{"rendered":"<h2>Toilettenwagen Veranstaltungen<\/h2>\n<p>\u00d6ffentliche Veranstaltungen wie Stra\u00dfenfeste, Garagenfeste, M\u00e4rkte oder Volksfest sind sehr beliebt bei uns im L\u00e4ndle. Die Bereitstellung der mobilen sanit\u00e4ren Anlagen ist dabei genau unser Metie.<\/p>\n<p>Seit Jahren liefert Ramses mobile \u00d6rtchen Toilettenwagen f\u00fcr Veranstaltungen jeder Art. Dabei \u00fcbernehmen wir alle erdenklichen Serviceleistungen. Vom Aufstellen \u00fcber die Betreuung vor Ort bis zur Abholung und Entsorgung der R\u00fcckst\u00e4nde k\u00f6nnen Sie voll auf uns z\u00e4hlen.<\/p>\n<p>Toilettenwagen von Ramses gibt es in verschiedenen Ausf\u00fchrungen. So haben wir z.B. unseren gro\u00dfen Toilettenwagen im Angebot, welcher sogar die Besucherfrequenz von gro\u00dfen Volksfesten stemmen kann. Aber auch f\u00fcr kleine Stra\u00dfenfesten haben wir mit unserem kleinen Toilettenwagen das passende Produkt.<\/p>\n<p>Alle Toilettenwagen verf\u00fcgen \u00fcber getrennte Bereiche f\u00fcr Mann und Frau. Fragen Sie doch einfach uns welche gr\u00f6\u00dfe der Toilettenwagen f\u00fcr Ihre Veranstaltung haben muss. Wir freuen uns mit unseren Toilettenwagen auch die sanit\u00e4re Entsorgung auf Ihrer Veranstaltung \u00fcbernehmen zu d\u00fcrfen.<\/p>\n<hr \/>\n<p>Ben\u00f6tigen Sie weitere Informationen zu\u00a0<b>Toilettenwagen Veranstaltungen<\/b>?<\/p>\n<p>Wir stehen Ihnen jeder Zeit zur Verf\u00fcgung. Rufen Sie uns an oder nutzen Sie einfach unser Kontaktformular:<\/p>\n<p><a class=\"hauptfenster\" href=\"http:\/\/alt.toilettenverleih.com\/kontakt.htm\">\u00bb Zum Kontaktformular<\/a><\/p>\n","protected":false},"excerpt":{"rendered":"<p>Toilettenwagen Veranstaltungen \u00d6ffentliche Veranstaltungen wie Stra\u00dfenfeste, Garagenfeste, M\u00e4rkte oder Volksfest sind sehr beliebt bei uns im L\u00e4ndle. Die Bereitstellung der mobilen sanit\u00e4ren Anlagen ist dabei genau unser Metie. Seit Jahren liefert Ramses mobile \u00d6rtchen Toilettenwagen f\u00fcr Veranstaltungen jeder Art. Dabei \u00fcbernehmen wir alle erdenklichen Serviceleistungen. Vom Aufstellen \u00fcber die Betreuung vor Ort bis zur Abholung [&hellip;]<\/p>\n","protected":false},"author":1,"featured_media":0,"parent":0,"menu_order":0,"comment_status":"closed","ping_status":"closed","template":"","meta":{"ngg_post_thumbnail":0,"footnotes":""},"yoast_head":"<!-- This site is optimized with the Yoast SEO plugin v22.5 - https:\/\/yoast.com\/wordpress\/plugins\/seo\/ -->\n<title>Toilettenwagen Veranstaltungen - Ramses mobile \u00d6rtchen<\/title>\n<meta name=\"robots\" content=\"index, follow, max-snippet:-1, max-image-preview:large, max-video-preview:-1\" \/>\n<link rel=\"canonical\" href=\"https:\/\/www.toilettenverleih.com\/?page_id=71\" \/>\n<meta property=\"og:locale\" content=\"de_DE\" \/>\n<meta property=\"og:type\" content=\"article\" \/>\n<meta property=\"og:title\" content=\"Toilettenwagen Veranstaltungen - Ramses mobile \u00d6rtchen\" \/>\n<meta property=\"og:description\" content=\"Toilettenwagen Veranstaltungen \u00d6ffentliche Veranstaltungen wie Stra\u00dfenfeste, Garagenfeste, M\u00e4rkte oder Volksfest sind sehr beliebt bei uns im L\u00e4ndle. Die Bereitstellung der mobilen sanit\u00e4ren Anlagen ist dabei genau unser Metie. Seit Jahren liefert Ramses mobile \u00d6rtchen Toilettenwagen f\u00fcr Veranstaltungen jeder Art. Dabei \u00fcbernehmen wir alle erdenklichen Serviceleistungen. Vom Aufstellen \u00fcber die Betreuung vor Ort bis zur Abholung [&hellip;]\" \/>\n<meta property=\"og:url\" content=\"https:\/\/www.toilettenverleih.com\/?page_id=71\" \/>\n<meta property=\"og:site_name\" content=\"Ramses mobile \u00d6rtchen\" \/>\n<meta name=\"twitter:card\" content=\"summary_large_image\" \/>\n<meta name=\"twitter:label1\" content=\"Gesch\u00e4tzte Lesezeit\" \/>\n\t<meta name=\"twitter:data1\" content=\"1\u00a0Minute\" \/>\n<script type=\"application\/ld+json\" class=\"yoast-schema-graph\">{\"@context\":\"https:\/\/schema.org\",\"@graph\":[{\"@type\":\"WebPage\",\"@id\":\"https:\/\/www.toilettenverleih.com\/?page_id=71\",\"url\":\"https:\/\/www.toilettenverleih.com\/?page_id=71\",\"name\":\"Toilettenwagen Veranstaltungen - Ramses mobile \u00d6rtchen\",\"isPartOf\":{\"@id\":\"https:\/\/www.toilettenverleih.com\/#website\"},\"datePublished\":\"2017-04-03T09:54:31+00:00\",\"dateModified\":\"2017-04-03T09:54:31+00:00\",\"breadcrumb\":{\"@id\":\"https:\/\/www.toilettenverleih.com\/?page_id=71#breadcrumb\"},\"inLanguage\":\"de\",\"potentialAction\":[{\"@type\":\"ReadAction\",\"target\":[\"https:\/\/www.toilettenverleih.com\/?page_id=71\"]}]},{\"@type\":\"BreadcrumbList\",\"@id\":\"https:\/\/www.toilettenverleih.com\/?page_id=71#breadcrumb\",\"itemListElement\":[{\"@type\":\"ListItem\",\"position\":1,\"name\":\"Startseite\",\"item\":\"https:\/\/www.toilettenverleih.com\/\"},{\"@type\":\"ListItem\",\"position\":2,\"name\":\"Toilettenwagen Veranstaltungen\"}]},{\"@type\":\"WebSite\",\"@id\":\"https:\/\/www.toilettenverleih.com\/#website\",\"url\":\"https:\/\/www.toilettenverleih.com\/\",\"name\":\"Ramses mobile \u00d6rtchen\",\"description\":\"Eine weitere WordPress Website\",\"potentialAction\":[{\"@type\":\"SearchAction\",\"target\":{\"@type\":\"EntryPoint\",\"urlTemplate\":\"https:\/\/www.toilettenverleih.com\/?s={search_term_string}\"},\"query-input\":\"required name=search_term_string\"}],\"inLanguage\":\"de\"}]}<\/script>\n<!-- \/ Yoast SEO plugin. -->","yoast_head_json":{"title":"Toilettenwagen Veranstaltungen - Ramses mobile \u00d6rtchen","robots":{"index":"index","follow":"follow","max-snippet":"max-snippet:-1","max-image-preview":"max-image-preview:large","max-video-preview":"max-video-preview:-1"},"canonical":"https:\/\/www.toilettenverleih.com\/?page_id=71","og_locale":"de_DE","og_type":"article","og_title":"Toilettenwagen Veranstaltungen - Ramses mobile \u00d6rtchen","og_description":"Toilettenwagen Veranstaltungen \u00d6ffentliche Veranstaltungen wie Stra\u00dfenfeste, Garagenfeste, M\u00e4rkte oder Volksfest sind sehr beliebt bei uns im L\u00e4ndle. Die Bereitstellung der mobilen sanit\u00e4ren Anlagen ist dabei genau unser Metie. Seit Jahren liefert Ramses mobile \u00d6rtchen Toilettenwagen f\u00fcr Veranstaltungen jeder Art. Dabei \u00fcbernehmen wir alle erdenklichen Serviceleistungen. Vom Aufstellen \u00fcber die Betreuung vor Ort bis zur Abholung [&hellip;]","og_url":"https:\/\/www.toilettenverleih.com\/?page_id=71","og_site_name":"Ramses mobile \u00d6rtchen","twitter_card":"summary_large_image","twitter_misc":{"Gesch\u00e4tzte Lesezeit":"1\u00a0Minute"},"schema":{"@context":"https:\/\/schema.org","@graph":[{"@type":"WebPage","@id":"https:\/\/www.toilettenverleih.com\/?page_id=71","url":"https:\/\/www.toilettenverleih.com\/?page_id=71","name":"Toilettenwagen Veranstaltungen - Ramses mobile \u00d6rtchen","isPartOf":{"@id":"https:\/\/www.toilettenverleih.com\/#website"},"datePublished":"2017-04-03T09:54:31+00:00","dateModified":"2017-04-03T09:54:31+00:00","breadcrumb":{"@id":"https:\/\/www.toilettenverleih.com\/?page_id=71#breadcrumb"},"inLanguage":"de","potentialAction":[{"@type":"ReadAction","target":["https:\/\/www.toilettenverleih.com\/?page_id=71"]}]},{"@type":"BreadcrumbList","@id":"https:\/\/www.toilettenverleih.com\/?page_id=71#breadcrumb","itemListElement":[{"@type":"ListItem","position":1,"name":"Startseite","item":"https:\/\/www.toilettenverleih.com\/"},{"@type":"ListItem","position":2,"name":"Toilettenwagen Veranstaltungen"}]},{"@type":"WebSite","@id":"https:\/\/www.toilettenverleih.com\/#website","url":"https:\/\/www.toilettenverleih.com\/","name":"Ramses mobile \u00d6rtchen","description":"Eine weitere WordPress Website","potentialAction":[{"@type":"SearchAction","target":{"@type":"EntryPoint","urlTemplate":"https:\/\/www.toilettenverleih.com\/?s={search_term_string}"},"query-input":"required name=search_term_string"}],"inLanguage":"de"}]}},"_links":{"self":[{"href":"https:\/\/www.toilettenverleih.com\/index.php?rest_route=\/wp\/v2\/pages\/71"}],"collection":[{"href":"https:\/\/www.toilettenverleih.com\/index.php?rest_route=\/wp\/v2\/pages"}],"about":[{"href":"https:\/\/www.toilettenverleih.com\/index.php?rest_route=\/wp\/v2\/types\/page"}],"author":[{"embeddable":true,"href":"https:\/\/www.toilettenverleih.com\/index.php?rest_route=\/wp\/v2\/users\/1"}],"replies":[{"embeddable":true,"href":"https:\/\/www.toilettenverleih.com\/index.php?rest_route=%2Fwp%2Fv2%2Fcomments&post=71"}],"version-history":[{"count":1,"href":"https:\/\/www.toilettenverleih.com\/index.php?rest_route=\/wp\/v2\/pages\/71\/revisions"}],"predecessor-version":[{"id":72,"href":"https:\/\/www.toilettenverleih.com\/index.php?rest_route=\/wp\/v2\/pages\/71\/revisions\/72"}],"wp:attachment":[{"href":"https:\/\/www.toilettenverleih.com\/index.php?rest_route=%2Fwp%2Fv2%2Fmedia&parent=71"}],"curies":[{"name":"wp","href":"https:\/\/api.w.org\/{rel}","templated":true}]}}