{"id":179,"date":"2017-05-30T13:47:03","date_gmt":"2017-05-30T11:47:03","guid":{"rendered":"http:\/\/www.toilettenverleih.com\/?page_id=179"},"modified":"2017-05-30T13:47:03","modified_gmt":"2017-05-30T11:47:03","slug":"toilettenwagen-stuttgart","status":"publish","type":"page","link":"https:\/\/www.toilettenverleih.com\/?page_id=179","title":{"rendered":"Toilettenwagen Stuttgart"},"content":{"rendered":"<h2>Toilettenwagen Stuttgart<\/h2>\n<p>Seit Jahren sind wir mit unseren <b>Toilettenwagen in Stuttgart<\/b> zu Gast. So stellen wir unsere Toilettenwagen beim <b>Stuttgarter Fr\u00fchlingsfest<\/b> und waren oft beim <b>Stuttgarter Weihnachtsmarkt<\/b> dabei.<\/p>\n<p>Wenn auch Sie einmal einen Toilettenwagen f\u00fcr Ihr Fest oder Ihre Veranstaltung in Stuttgart oder Umland ben\u00f6tigen, wenden Sie sich doch vertrauensvoll an uns. Wir helfen Ihnen den optimalen Bedarf an sanit\u00e4rer Entsorgung zu kalkulieren.<\/p>\n<p>Bei uns k\u00f6nnen Sie z.B. den <b>gro\u00dfen Toilettenwagen<\/b> mieten, welcher genug Kapazit\u00e4t f\u00fcr eine Gro\u00dfveranstaltung hat. Mehrere nach Damen und Herren aufgeteilte Kabinen sind in unserem gro\u00dfen Toilettenwagen enthalten.<\/p>\n<p>Der <b>kleine Toilettenwagen<\/b>\u00a0ist der optimale Sanit\u00e4rcontainer f\u00fcr Stra\u00dfenfeste im Stuttgarter Umland. Auch hier gibt es getrennte Bereiche f\u00fcr Mann und Frau.<\/p>\n<p>Alle unsere Wagen k\u00f6nnen auch mit Betreuung durch eine Servicekraft gebucht werden. So brauchen Sie sich bei Ihrer Veranstaltung \u00fcberhaupt nicht mehr um die Toilette k\u00fcmmern. Wir hoffen mit unseren Toilettenwagen auch bald zu Gast auf Ihrer Veranstaltung in Stuttgart sein zu d\u00fcrfen.<\/p>\n<hr \/>\n<p>Ben\u00f6tigen Sie weitere Informationen zu <b>Toilettenwagen Stuttgart<\/b>?<\/p>\n<p>Wir stehen Ihnen jeder Zeit zur Verf\u00fcgung. Rufen Sie uns an oder nutzen Sie einfach unser Kontaktformular:<\/p>\n<p><a class=\"hauptfenster\" href=\"http:\/\/alt.toilettenverleih.com\/kontakt.htm\">\u00bb Zum Kontaktformular<\/a><\/p>\n","protected":false},"excerpt":{"rendered":"<p>Toilettenwagen Stuttgart Seit Jahren sind wir mit unseren Toilettenwagen in Stuttgart zu Gast. So stellen wir unsere Toilettenwagen beim Stuttgarter Fr\u00fchlingsfest und waren oft beim Stuttgarter Weihnachtsmarkt dabei. Wenn auch Sie einmal einen Toilettenwagen f\u00fcr Ihr Fest oder Ihre Veranstaltung in Stuttgart oder Umland ben\u00f6tigen, wenden Sie sich doch vertrauensvoll an uns. Wir helfen Ihnen [&hellip;]<\/p>\n","protected":false},"author":1,"featured_media":0,"parent":0,"menu_order":0,"comment_status":"closed","ping_status":"closed","template":"","meta":{"ngg_post_thumbnail":0,"footnotes":""},"yoast_head":"<!-- This site is optimized with the Yoast SEO plugin v22.5 - https:\/\/yoast.com\/wordpress\/plugins\/seo\/ -->\n<title>Toilettenwagen Stuttgart - Ramses mobile \u00d6rtchen<\/title>\n<meta name=\"robots\" content=\"index, follow, max-snippet:-1, max-image-preview:large, max-video-preview:-1\" \/>\n<link rel=\"canonical\" href=\"https:\/\/www.toilettenverleih.com\/?page_id=179\" \/>\n<meta property=\"og:locale\" content=\"de_DE\" \/>\n<meta property=\"og:type\" content=\"article\" \/>\n<meta property=\"og:title\" content=\"Toilettenwagen Stuttgart - Ramses mobile \u00d6rtchen\" \/>\n<meta property=\"og:description\" content=\"Toilettenwagen Stuttgart Seit Jahren sind wir mit unseren Toilettenwagen in Stuttgart zu Gast. So stellen wir unsere Toilettenwagen beim Stuttgarter Fr\u00fchlingsfest und waren oft beim Stuttgarter Weihnachtsmarkt dabei. Wenn auch Sie einmal einen Toilettenwagen f\u00fcr Ihr Fest oder Ihre Veranstaltung in Stuttgart oder Umland ben\u00f6tigen, wenden Sie sich doch vertrauensvoll an uns. Wir helfen Ihnen [&hellip;]\" \/>\n<meta property=\"og:url\" content=\"https:\/\/www.toilettenverleih.com\/?page_id=179\" \/>\n<meta property=\"og:site_name\" content=\"Ramses mobile \u00d6rtchen\" \/>\n<meta name=\"twitter:card\" content=\"summary_large_image\" \/>\n<meta name=\"twitter:label1\" content=\"Gesch\u00e4tzte Lesezeit\" \/>\n\t<meta name=\"twitter:data1\" content=\"1\u00a0Minute\" \/>\n<script type=\"application\/ld+json\" class=\"yoast-schema-graph\">{\"@context\":\"https:\/\/schema.org\",\"@graph\":[{\"@type\":\"WebPage\",\"@id\":\"https:\/\/www.toilettenverleih.com\/?page_id=179\",\"url\":\"https:\/\/www.toilettenverleih.com\/?page_id=179\",\"name\":\"Toilettenwagen Stuttgart - Ramses mobile \u00d6rtchen\",\"isPartOf\":{\"@id\":\"https:\/\/www.toilettenverleih.com\/#website\"},\"datePublished\":\"2017-05-30T11:47:03+00:00\",\"dateModified\":\"2017-05-30T11:47:03+00:00\",\"breadcrumb\":{\"@id\":\"https:\/\/www.toilettenverleih.com\/?page_id=179#breadcrumb\"},\"inLanguage\":\"de\",\"potentialAction\":[{\"@type\":\"ReadAction\",\"target\":[\"https:\/\/www.toilettenverleih.com\/?page_id=179\"]}]},{\"@type\":\"BreadcrumbList\",\"@id\":\"https:\/\/www.toilettenverleih.com\/?page_id=179#breadcrumb\",\"itemListElement\":[{\"@type\":\"ListItem\",\"position\":1,\"name\":\"Startseite\",\"item\":\"https:\/\/www.toilettenverleih.com\/\"},{\"@type\":\"ListItem\",\"position\":2,\"name\":\"Toilettenwagen Stuttgart\"}]},{\"@type\":\"WebSite\",\"@id\":\"https:\/\/www.toilettenverleih.com\/#website\",\"url\":\"https:\/\/www.toilettenverleih.com\/\",\"name\":\"Ramses mobile \u00d6rtchen\",\"description\":\"Eine weitere WordPress Website\",\"potentialAction\":[{\"@type\":\"SearchAction\",\"target\":{\"@type\":\"EntryPoint\",\"urlTemplate\":\"https:\/\/www.toilettenverleih.com\/?s={search_term_string}\"},\"query-input\":\"required name=search_term_string\"}],\"inLanguage\":\"de\"}]}<\/script>\n<!-- \/ Yoast SEO plugin. -->","yoast_head_json":{"title":"Toilettenwagen Stuttgart - Ramses mobile \u00d6rtchen","robots":{"index":"index","follow":"follow","max-snippet":"max-snippet:-1","max-image-preview":"max-image-preview:large","max-video-preview":"max-video-preview:-1"},"canonical":"https:\/\/www.toilettenverleih.com\/?page_id=179","og_locale":"de_DE","og_type":"article","og_title":"Toilettenwagen Stuttgart - Ramses mobile \u00d6rtchen","og_description":"Toilettenwagen Stuttgart Seit Jahren sind wir mit unseren Toilettenwagen in Stuttgart zu Gast. So stellen wir unsere Toilettenwagen beim Stuttgarter Fr\u00fchlingsfest und waren oft beim Stuttgarter Weihnachtsmarkt dabei. Wenn auch Sie einmal einen Toilettenwagen f\u00fcr Ihr Fest oder Ihre Veranstaltung in Stuttgart oder Umland ben\u00f6tigen, wenden Sie sich doch vertrauensvoll an uns. Wir helfen Ihnen [&hellip;]","og_url":"https:\/\/www.toilettenverleih.com\/?page_id=179","og_site_name":"Ramses mobile \u00d6rtchen","twitter_card":"summary_large_image","twitter_misc":{"Gesch\u00e4tzte Lesezeit":"1\u00a0Minute"},"schema":{"@context":"https:\/\/schema.org","@graph":[{"@type":"WebPage","@id":"https:\/\/www.toilettenverleih.com\/?page_id=179","url":"https:\/\/www.toilettenverleih.com\/?page_id=179","name":"Toilettenwagen Stuttgart - Ramses mobile \u00d6rtchen","isPartOf":{"@id":"https:\/\/www.toilettenverleih.com\/#website"},"datePublished":"2017-05-30T11:47:03+00:00","dateModified":"2017-05-30T11:47:03+00:00","breadcrumb":{"@id":"https:\/\/www.toilettenverleih.com\/?page_id=179#breadcrumb"},"inLanguage":"de","potentialAction":[{"@type":"ReadAction","target":["https:\/\/www.toilettenverleih.com\/?page_id=179"]}]},{"@type":"BreadcrumbList","@id":"https:\/\/www.toilettenverleih.com\/?page_id=179#breadcrumb","itemListElement":[{"@type":"ListItem","position":1,"name":"Startseite","item":"https:\/\/www.toilettenverleih.com\/"},{"@type":"ListItem","position":2,"name":"Toilettenwagen Stuttgart"}]},{"@type":"WebSite","@id":"https:\/\/www.toilettenverleih.com\/#website","url":"https:\/\/www.toilettenverleih.com\/","name":"Ramses mobile \u00d6rtchen","description":"Eine weitere WordPress Website","potentialAction":[{"@type":"SearchAction","target":{"@type":"EntryPoint","urlTemplate":"https:\/\/www.toilettenverleih.com\/?s={search_term_string}"},"query-input":"required name=search_term_string"}],"inLanguage":"de"}]}},"_links":{"self":[{"href":"https:\/\/www.toilettenverleih.com\/index.php?rest_route=\/wp\/v2\/pages\/179"}],"collection":[{"href":"https:\/\/www.toilettenverleih.com\/index.php?rest_route=\/wp\/v2\/pages"}],"about":[{"href":"https:\/\/www.toilettenverleih.com\/index.php?rest_route=\/wp\/v2\/types\/page"}],"author":[{"embeddable":true,"href":"https:\/\/www.toilettenverleih.com\/index.php?rest_route=\/wp\/v2\/users\/1"}],"replies":[{"embeddable":true,"href":"https:\/\/www.toilettenverleih.com\/index.php?rest_route=%2Fwp%2Fv2%2Fcomments&post=179"}],"version-history":[{"count":1,"href":"https:\/\/www.toilettenverleih.com\/index.php?rest_route=\/wp\/v2\/pages\/179\/revisions"}],"predecessor-version":[{"id":183,"href":"https:\/\/www.toilettenverleih.com\/index.php?rest_route=\/wp\/v2\/pages\/179\/revisions\/183"}],"wp:attachment":[{"href":"https:\/\/www.toilettenverleih.com\/index.php?rest_route=%2Fwp%2Fv2%2Fmedia&parent=179"}],"curies":[{"name":"wp","href":"https:\/\/api.w.org\/{rel}","templated":true}]}}